4 = 0. What are the prime factors of o(y)?
3
Suppose -1 + 15 = 7*g. Let n(i) = -8*i + 7 - g*i - 7*i + 9. List the prime factors of n(-5).
101
Let l(i) = 28*i**2 - 4. Suppose -4*t + 246 = 2*h, -3*h - 48 = -t + h. Let w = t - 62. What are the prime factors of l(w)?
2, 3
Let w = -35 + -39. Suppose 10*g = -2*g + 1392. Let k = w + g. List the prime factors of k.
2, 3, 7
Let f = -132 + 135. Suppose -b = o - 2*b - 217, -b + 643 = f*o. What are the prime factors of o?
5, 43
Suppose 45 = 3*x + 21. Suppose 2605 = x*j - 4611. What are the prime factors of j?
2, 11, 41
Suppose -45 = 38*s - 41*s. Let r be s/((-7)/(364/6)). Let z = r + 229. List the prime factors of z.
3, 11
Let w = 31 + -12. Let d(z) = -116*z - 44. Let x be d(-2). Let k = x - w. List the prime factors of k.
13
Let p(h) = 2*h**3 + 21*h**2 - 19*h + 104. List the prime factors of p(13).
2, 3, 5, 13
Suppose k + c + 33 = 5*c, c - 101 = 2*k. Let s = k - -57. Suppose -8*v + 552 = -s*v. List the prime factors of v.
2, 3, 23
Let s = 40 - 131. Let v = -70 - s. Let q(m) = m**2 - 9*m - 47. List the prime factors of q(v).
5, 41
Let b(s) = -1377*s**2 + 3*s. Let x be -2*(-12)/8 - 2. Let d be b(x). What are the prime factors of 6/(-10) + d/(-15)?
7, 13
Let u(c) = -c**3 + 84*c**2 - 98*c - 84. What are the prime factors of u(82)?
2, 3, 37
Suppose 0 = -27*h + 370455 - 102075. What are the prime factors of h?
2, 5, 7, 71
Suppose 31216 = -9*w + 108175. List the prime factors of w.
17, 503
Suppose 0 = -3*y + 2*h + 4, 0*h + 2*h = y + 4. Suppose 3*x - 206 = y*w + 3854, 2684 = 2*x + 3*w. What are the prime factors of x?
2, 337
Let j(m) = 2*m**3 - 2*m**2 - 2. Let v be j(2). Let n(o) = 2*o**3 - 6*o**2 + 2*o - 10. List the prime factors of n(v).
2, 109
Suppose 30*j - 9*j - 84 = 0. Suppose -j*c - 10 = -2*c, 4*c = -3*a + 1498. What are the prime factors of a?
2, 11, 23
Let l = -4165 - -6740. Suppose -l = -6*w + 353. Suppose 7*b = 9*b - w. List the prime factors of b.
2, 61
Suppose -165*v - 872 = -169*v. Suppose i - 752 = 5*q + v, 3*i = -2*q + 2910. List the prime factors of i.
2, 5, 97
Suppose 14*l - 11*l - 147 = 0. Suppose -6*p + 47 = -l. Suppose -p*f + 552 = -8*f. List the prime factors of f.
3, 23
Let z(p) = -18*p**2 + 2*p. Let d be z(-2). Let r = d + 55. Let m = 49 + r. What are the prime factors of m?
2, 7
Let v = -10539 - -7466. Let l = -2103 - v. What are the prime factors of l?
2, 5, 97
Suppose -60*p + 229571 + 88448 + 18761 = 0. List the prime factors of p.
3, 1871
Suppose 2*w = -0*w - u - 57, -w + 3*u - 11 = 0. Let p be ((-14)/(-49) + w/42)*0. Suppose 0 = -2*b - p*b, -2*c = -b - 104. List the prime factors of c.
2, 13
Suppose 15 = 3*j - 2*h + 373, 4*h - 228 = 2*j. Let x = 420 + j. Suppose 2*z + 8 = x. What are the prime factors of z?
5, 29
Let u(a) = a**2 - 8*a + 6. Let o be u(7). List the prime factors of (1216 - -6)/o*2/(-4).
13, 47
Let r be -2*(-2 + (-1)/(-2)). Let w(z) be the second derivative of 11*z**3/2 + z**2 + 103*z. What are the prime factors of w(r)?
101
Let k(c) be the third derivative of -5*c**4/24 - 5*c**3/3 + 59*c**2. What are the prime factors of k(-21)?
5, 19
What are the prime factors of ((-461495)/46)/((-5)/12)?
2, 3, 4013
Let f = 19066 - 8434. What are the prime factors of f?
2, 3, 443
Suppose -5*n = 2*w - 12228, 30504 = 5*w - 17*n + 13*n. What are the prime factors of w?
2, 7, 109
Let q(i) = -773*i + 1369. What are the prime factors of q(-26)?
21467
Let b(a) = a**3 + 13*a**2 - 8*a + 8. Let d be b(-14). Let s = d + 79. Suppose s*i + t = 152, -4*i + t + 208 = -3*t. What are the prime factors of i?
3, 17
Let d(b) = b**2 - 3*b + 67. Let y be d(-26). Suppose -1115 - y = -11*v. List the prime factors of v.
2, 11
Let m(h) be the third derivative of h**5/60 + 113*h**3/6 + 2*h**2. Suppose -4*d - 4 = -3*f, -2*f - 116 + 121 = -5*d. List the prime factors of m(f).
113
Let w be 0 - 4/(-6) - (-550)/66. Suppose 17 = 2*t + w. Suppose 53 = t*s - 3*c, 38 = 3*s - 6*c + 2*c. List the prime factors of s.
2, 7
Let i(j) = 11*j**2 + 50*j - 5. Let n be i(6). What are the prime factors of n - (-6)/(-3) - -4?
3, 7, 11
Let r(q) be the first derivative of q**4/4 + 14*q**3/3 - 3*q**2/2 + 13*q + 23. What are the prime factors of r(-6)?
11, 29
Suppose 7*y = 3*b + 4*y, 0 = 5*b + 4*y - 36. Suppose -p = 4*p + 3*d - 1760, -2*p = -b*d - 704. Suppose -8*r + 408 + p = 0. List the prime factors of r.
5, 19
Suppose -5*p - t = -353, -4*t = -3*p - 9*t + 203. Suppose w - p - 262 = m, -4*m - 345 = -w. What are the prime factors of w?
7, 47
Let b(j) = -1004*j + 1252. What are the prime factors of b(-10)?
2, 3, 941
Let f(a) = 1166*a - 2650. List the prime factors of f(21).
2, 53, 103
Suppose 29*d = 17*d + 96. Suppose -d*i + 2059 + 2517 = 0. Let r = 865 - i. What are the prime factors of r?
293
Let a(l) = l**3 + 10*l**2 + 4*l. Let v(u) = -21*u + 75. Let o be v(4). List the prime factors of a(o).
3, 5
Let a = 18557 - -14068. What are the prime factors of a?
3, 5, 29
Suppose -3*z - 6 + 1 = -2*u, -2*z = -u + 4. Let o be (-143)/(3/(u - 1)). What are the prime factors of o - -1*(4 + -2)?
5, 29
Suppose 0 = -4*w - 2*j - 10 + 40, 2*w - 25 = j. Suppose 0 = -w*z - 2 - 68. List the prime factors of ((-1876)/22)/z - 4/22.
2, 3
Suppose j + 3*m - 2995 - 2810 = 0, -5802 = -j - 2*m. List the prime factors of j.
2, 3, 7, 23
Let z(g) = -20*g**2 - 1833*g - 45. List the prime factors of z(-26).
103, 331
Let z = -45 - -47. Suppose -5*o + 4 = -z*q - 16, 0 = -3*q. Suppose x + 5*y = o, y + 22 + 6 = x. List the prime factors of x.
2, 3
Let s(z) = 337*z + 4039. What are the prime factors of s(12)?
59, 137
What are the prime factors of (24/14)/(8/(-28))*(-10322)/39?
2, 397
Let l be -4 + (-51)/((-15)/(-5)). Let j be ((-6)/4)/(l/28). Suppose j*u - 4*t - 104 = 0, -169 = -2*u - 2*u - 5*t. List the prime factors of u.
2, 23
Let h be -7 + 8/((-48)/(-66)). Suppose 0 = -c + 2*x + 469, 2*c - h*x + 1357 = 5*c. What are the prime factors of c?
3, 17
Suppose 77*p = 72*p + 50. Suppose p*w + 5*w = 16335. List the prime factors of w.
3, 11
Let a(k) = -9*k - 16. Let g be a(-2). Suppose -13 = 2*m - 3*x + 5, -5*m - 5*x = 20. What are the prime factors of (g/m)/(4/6)*-336?
2, 3, 7
Let j = 25 - 24. What are the prime factors of 1*79/(4 + (j - 4))?
79
Suppose 22*n + 56 = 29*n. Suppose 9*c - n*c - 3 = 0. Suppose c*y - 363 = -3*a, -4*a + 4*y + 0*y + 452 = 0. What are the prime factors of a?
3, 13
Let t = 68 + -80. Let j be (104/(-12))/(t/(-198)). Let o = 278 + j. What are the prime factors of o?
3, 5
Let f be (12/(-3) - -1) + 627. Let x = f - -89. List the prime factors of x.
23, 31
Let o(z) be the second derivative of 4*z**3 - 45*z**2 + 8*z - 3. List the prime factors of o(6).
2, 3
Suppose -2567197 = -61*g + 1662145 - 1162567. What are the prime factors of g?
5, 2011
Suppose k - 6*k + 13185 = 2*t, -2*k = -4*t - 5298. List the prime factors of k.
7, 13, 29
Let z = 759 + -373. Let y = -227 + z. What are the prime factors of y?
3, 53
Let j be ((-23)/(-10))/(-23) + (-62)/(-20). Suppose 5*r = -j*z + 375, 4*z = r - 34 - 41. What are the prime factors of r?
3, 5
Suppose 43*x = -7*x + 14200. Let f = x - 175. List the prime factors of f.
109
Let t(n) = -4*n + 15. Let y be 1 + 3*2/3. Let o be t(y). Suppose 2*h - 225 = o*q, -h - 405 = -5*h - 3*q. List the prime factors of h.
3, 5, 7
Suppose -5*r - 54 = 4*v - 20, -4*v + 5*r - 14 = 0. Let j(k) = 2*k**2 + 7*k - 7. Let z be j(v). Suppose z = -u + 64. What are the prime factors of u?
41
Let r = 88 + -85. Suppose h - r*s - 474 = 140, 2*s + 611 = h. What are the prime factors of h?
5, 11
Suppose 6 = -5*q + 16. Suppose 4*o - 32 = -q*p, -5*p + 108 = 4*o - o. Let i = 101 - p. List the prime factors of i.
7, 11
Suppose -4956 = -22*w + 8*w. Let u = 27 + w. What are the prime factors of u?
3, 127
What are the prime factors of (-17 - (-16 - -1)) + (5935 - 0)?
17, 349
Let y(x) = -2*x**3 - 24*x**2 - 14*x - 29. Let s be y(-12). Suppose 3*l - 1782 = -4*a + s, -l = -a + 489. List the prime factors of a.
2, 11
Suppose -2 = c, 8*g = 7*g - 2*c + 4991. List the prime factors of g.
3, 5, 37
Let o = -1019 + 5155. What are the prime factors of o?
2, 11, 47
Let a(g) = 5*g + 5 + 0*g - 11*g + 4*g. Let i be a(-5). List the prime factors of 2 + 30*i/6.
7, 11
Suppose -p + 5*l - 505 = 0, 2*l + 519 = -43*p + 42*p. Let u = 18 - p. List the prime factors of u.
13, 41
Suppose